(0 - 2) + (8 - (6 - 2)).
2
Evaluate 11 + -13 - (-3 + -6).
7
What is -9 + -2 + (6 - 0)?
-5
-5 - ((-17 - -11) + 4)
-3
Evaluate -1 - (-4 - (-6 - 0) - 4).
1
What is the value of -4 + (13 + -5 - 0)?
4
Evaluate -6 - (3 - 12) - (-2 - -1).
4
What is the value of 8 + -11 + -10 + 14?
1
Evaluate -1 + -3 - (-1 - 2).
-1
Calculate (-4 - ((-4 - -5) + -2)) + 2.
-1
-1 + 0 + (-26 - -31)
4
(0 - (-1 - 6)) + -5
2
Evaluate (1 + 2 - 8) + 2.
-3
What is (12 - 14) + (1 - -2)?
1
Evaluate -10 + 7 + 3 - 7 - 2.
-9
What is 8 + (-4 - -2) + -5?
1
Calculate -2 - -3 - (0 - (1 - 0)).
2
Calculate 2 + 2 + (4 - 13).
-5
What is the value of (-1 - -1) + (5 - 6) + 4?
3
(-12 - -13) + (-3 - (0 - -1))
-3
What is 3 - (2 + (5 - 12) - -12)?
-4
Evaluate 2 - -1 - (8 - (-9 - -9)).
-5
Evaluate 1 + 4 + 0 + 2.
7
What is the value of -6 + (1 - -3) - -1?
-1
Calculate 11 + -6 - 8 - (-1 - 1).
-1
Calculate (-1 - (2 - 4) - 0) + -4.
-3
Evaluate -7 + (-6 - -10 - -6) + 4.
7
Calculate -12 + 14 + (7 - 10).
-1
What is the value of -3 + 9 - (-2 + 1 + 6)?
1
1 - (4 - 12) - 4
5
0 + -4 + 10 - 3 - -1
4
(-3 - 5) + 4 + 5 + -4
-3
3 + 0 - (0 - -6)
-3
What is the value of 2 + (7 + 1 - (-2 - -9))?
3
(10 - 6) + -2 + -11
-9
What is the value of 2 - 1 - (-2 - (-9 - -5))?
-1
-6 + 4 + 11 + -3 - 3
3
What is -2 + -5 + 5 - (1 - 6)?
3
What is -1 - (2 + -4 + 2)?
-1
What is the value of -2 + 1 + 0 + 4?
3
What is the value of -3 + 0 + 0 + -1 + 5?
1
2 + 3 + (2 - 3)
4
Evaluate -3 + (-4 - -4) + 5 + -7.
-5
Calculate 0 - -5 - (6 - (0 + 2)).
1
Evaluate 1 + -4 - (-6 + 5 - 4).
2
Calculate 0 - (0 + 6 + -2).
-4
Calculate -5 - (2 - 6) - 3.
-4
-3 - (3 + 2 + -3)
-5
Calculate -2 - (-2 + (0 - -3) + -3).
0
Calculate 4 + -1 + 5 + -10 + 5.
3
Evaluate (-8 - (0 - 2)) + -2.
-8
What is the value of 16 + (10 - (7 + 1)) + -9?
9
9 - (-4 + 9 + -1)
5
What is -2 - -4 - (-5 - -5)?
2
Evaluate 1 + 1 + -7 + (65 - 62).
-2
Evaluate (0 - -1) + -1 - (-35 + 30).
5
What is (11 - 1) + -30 + 21?
1
(10 - (3 + 0 + 0)) + -5
2
0 - 0 - (-23 + 9 - -15)
-1
What is 8 - 3 - (12 - 9)?
2
Evaluate (4 - (-10 + 8)) + -13.
-7
What is (11 - (13 - 10)) + -5 + 4?
7
Evaluate -4 - (-5 + (-4 - 0) + 5).
0
What is the value of 12 + -7 + 2 + -5?
2
(4 - -1) + (3 + 4 - 17)
-5
What is (2 - -1) + (2 - 2) + 1?
4
What is 9 - (0 - -2) - 2?
5
(2 - 6) + -6 + 5
-5
10 + (-8 - -6 - 0)
8
Evaluate -5 + 2 - (-35 - -24).
8
0 + (2 - 3 - -1)
0
What is the value of 1 + (3 + 0 - (42 + -38))?
0
What is the value of -4 + 4 - (-1 + -4)?
5
What is the value of (-1 - -3) + (-1 - (-1 - -1))?
1
-12 - -14 - (-2 + 1)
3
What is the value of (3 - 1 - (-42 - -42)) + -8?
-6
What is 2 + -3 + (0 - -11 - 5)?
5
What is the value of 0 + 14 - -1 - 5?
10
What is the value of (-2 - (13 - 21)) + (-2 - 0)?
4
(-6 - (7 + -13) - -7) + -11
-4
What is -7 - ((0 - 4) + 1 - 0)?
-4
What is the value of (0 - (-7 - -7)) + 1 - 3?
-2
Evaluate -4 + (2 - 3 - 0).
-5
What is 2 - (0 + (1 - -2))?
-1
What is the value of 0 - 0 - (-14 + 18)?
-4
-2 + 13 - (-3 + 1 - -6)
7
What is the value of 1 + 4 + (-2 - 2)?
1
Evaluate -52 - -47 - (-1 + -3 + 2).
-3
What is 18 + -8 + 0 + -16?
-6
What is (12 - (6 - -1)) + -7?
-2
14 + -11 + 1 - (2 + 7)
-5
-1 + (-2 - 0) + 1
-2
Calculate 6 + (0 - -2) - 6.
2
What is (2 - (8 + 1)) + 5?
-2
Evaluate 2 + -1 - 1 - (-3 + 6).
-3
What is -7 + (8 - -7) - (5 + -1)?
4
5 + -11 + 0 - -9
3
3 + (-5 + 0 - -5)
3
What is (-7 + -4 - -6) + -5?
-10
What is the value of 1 - -2 - (9 + -3) - 1?
-4
-2 - (-14 + 6) - 1
5
Calculate -4 + -3 + 6 - (-3 + -1).
3
What is (-8 - -3 - 0) + 5?
0
What is -3 + 6 - 1 - (21 + -26)?
7
What is -4 - (0 + (-3 - -2)) - 1?
-4
What is -4 - (5 + -5 + -2)?
-2
What is the value of 6 - ((-4 - -2) + 4)?
4
Calculate 1 + 4 + -5 + -2.
-2
Evaluate 3 - (-3 + (-7 - -12)).
1
2 + 3 + (25 - 35)
-5
What is 4 + (-4 - (3 + -1)) + 5?
3
-4 + 4 + -1 + -1
-2
What is the value of 0 + 1 + -1 - (-2 - -3)?
-1
What is (-4 - (5 - 10)) + -1 + 1?
1
Evaluate 2 + (-1 + 3 - 3).
1
0 - 0 - -2 - (7 + -1)
-4
What is the value of 0 + -7 + (2 - (-1 + 3))?
-7
Evaluate 1 - (-4 + -5 + 7).
3
Calculate -3 + 10 + -1 + (5 - 7).
4
4 + -9 - -2 - -4 - 7
-6
What is 0 + (-7 - -13 - 3)?
3
Calculate 3 + (-1 - -1) + -3.
0
Calculate -4 - ((2 - 0) + 2 + -6).
-2
Evaluate 17 + -21 - (-3 + (2 - 2)).
-1
Calculate 3 + (-2 + -1 - (22 + -22)).
0
Calculate 0 + 2 + -5 + 0.
-3
Calculate (4 - (-1 + -11)) + -12.
4
Evaluate (15 - 3) + 23 + -29.
6
What is the value of -2 + (7 - 2) + (-28 - -29)?
4
-4 + 7 + (-1 - -2)
4
(-2 - 3) + 3 + -3
-5
(-15 - (1 - 8)) + 3
-5
What is the value of (-7 - (1 - 5)) + 2 + 0?
-1
-4 - ((0 - 0) + 1)
-5
1 + 5 + -7 + 0
-1
What is the value of -3 + 1 + -14 - (83 - 92)?
-7
Evaluate 11 + -2 - (14 - 9).
4
Evaluate (-4 - -8) + -1 + -1 + 3.
5
What is -5 - -3 - (4 + -2) - -2?
-2
Evaluate -7 + 9 - (-3 + (-2 - -11)).
-4
Calculate (3 - -5) + -12 + -2 + 4.
-2
What is 2 + -2 + -1 + (-2 - -10)?
7
What is the value of (-2 - (5 - 4)) + 7?
4
What is the value of (5 + -4 - -1) + 3 + -1?
4
Evaluate 5 - (-5 + 4 + 6).
0
(1 - -1) + 14 + -17
-1
What is the value of -1 - (1 + -3 - -6) - -3?
-2
Calculate -2 + (2 + -1 - (-4 + 11)).
-8
3 - (6 + (-10 - -13))
-6
Evaluate 9 - 3 - 1 - (-6 - -10).
1
What is 4 + (-6 - -1) + (-3 - -2)?
-2
Calculate (1 - 2) + (-2 - -2) + 2.
1
Calculate 10 - 7 - 9 - (-2 + 1).
-5
Calculate 0 - (-1 + -10 - -14).
-3
Calculate 4 + -7 + 5 + 0 + -4.
-2
What is the value of (10 - 19 - -4) + (-1 - -4)?
-2
Calculate -6 + 11 + -5 + 4.
4
-6 + (-13 - -8) - -7
-4
Evaluate (2 - (1 + 1)) + 1 + -2.
-1
Evaluate -1 + 5 - (1 + 0).
3
What is (3 - (0 + 4)) + -2?
-3
Evaluate 0 - -4 - (1 - -1).
2
What is the value of -3 - -4 - (-4 - (2 - 1))?
6
Calculate (-4 - -4) + 4 - (9 - 10).
5
1 - -5 - (-15 + 14)
7
Calculate 7 + (-18 - -5 - -12).
6
(-9 - -1) + -17 + 1 + 21
-3
What is the value of -4 + 7 + 4 + (-3 - 5)?
-1
Calculate 35 - 42 - (1 - 3 - 1).
-4
What is the value of -1 + -4 + 5 + -10 + 3?
-7
7 + (-9 - -9 - (-1 + 5))
3
Calculate -4 + 6 - 0 - 3.
-1
Calculate 3 - 7 - (-3 - 0 - -1).
-2
Evaluate 1 - -5 - (-2 + 7) - -7.
8
6 - (5 + 2 + 1 + -4)
2
Calculate (20 - (12 - 2)) + -15.
-5
What is -20 + 19 + -1 + 2?
0
Calculate (-2 - 1) + 3 - (-9 - -6).
3
Evaluate -5 - -13 - (-6 - -10).
4
What is -1 + -6 + 3 + (1 - 0)?
-3
-30 + 29 - (2 - 0)
-3
What is (9 - -1) + 1 + -6 - 6?
-1
Calculate -5 - (-2 - 3 - -2).
-2
Calculate 0 + 5 + -10 - 0.
-5
Evaluate 3 - 8 - (4 - 5).
-4
Calculate 2 - 1 - (6 + -7).
2
-1 + (1 + 0 - 4) - -7
3
What is the value of (-6 + 2 - (-28 - -29)) + 0?
-5
Evaluate -1 + (2 - 3 - (19 - 14)).
-7
What is the value of 1 - (-8 + 6 + -1)?
4
What is (2 - 11) + -169 + 171?
-7
What is the value of 11 + -17 - (-2 - (0 - 0))?
-4
What is the value of (-1 - 2) + 44 + -48?
-7
Calculate (-5 + 0 + -2 - -6) + -1.
-2
What is (57 - 65) + -2 + 14?
4
What is the value of -1 + 3 + 0 + -3 - 1?
-2
-5 - (26 + -15 - 12)
-4
Evaluate 9 + -7 - (3 - -5).
-6
What is the value of -3 - (4 + (-3 - -6) + -6)?
-4
Calculate 2 + (2 - 1) + -1 + -5.
-3
Calculate 0 + 0 + 0 - (-11 - -11).
0
Evaluate -4 - (-4 - -1 - 2).
1
Evaluate (-15 - (4 - 11)) + 5.
-3
Calculate -2 + 1 + 1 - (1 - 4).
3
-6 - (0 - (9 - 9))
-6
What is the value of 8 - ((8 + -7 - -1) + 3)?
3
(45 - 45) + -4 + -1
-5
Evaluate 2 + -3 + -1 - 2.
-4
What is 3 + -2 + (-1 + -3 - 2)?
-5
Calculate -4 + (5 - 5 - -4).
0
Evaluate -3 + (-1 - -7) + 3.
6
What is the value of -6 + (11 - 1) - (16 - 4)?
-8
-7 + (-6 - (-5 - 7)) + 6
5
What is the value of -3 + (2 - (1 + 1))?
-3
What is the value of -6 + 13 + -1 + 2 + -4?
4
-4 + (2 - -5) + (10 - 18)
-5
-13 + 13 + 0 + -1 - -2
1
Calculate (-2 - 2) + 4 + -5.
-5
Evaluate (-11 + 7 - 1) + 5.
0
What is the value of -4 + 0 + (-1 - 0) + 4?
-1
Calculate 6 + 0 + (2 - 14).
-6
Evaluate 0 + (-7 - (6 + -12)).
-1
-6 - (0 - 7) - -2
3
Evaluate -5 - -2 - (2 + -1).
-4
What is the value of (4 - 6) + 1 + 1?
0
What is the value of -5 + 1 + 0 + 7?
3
What is the value of 1 + -5 + -1 - 0?
-5
Calculate -6 - (11 - (20 + -9)).
-6
Calculate 1 + (5 - 2) + (6 - 4).
6
What is the value of -1 + -5 + 2 - -3?
-1
-89 + 90 + (4 - 1 - -2)
6
Evaluate (1 + 14 - 18) + 5.
2
What is the value of 4 + -8 + (-1 - -2)?
-3
What is 9 + (-17 - (7 + -12))?
-3
What is ((-4 - 2) + 2 - 2) + 6?
0
What is 3 + 6 + (-14 - (-4 - -1))?
-2
What is the value of (2 - 2 - 2) + (8 - 0)?
6
Calculate (-4 + (10 - 4) - -1) + -7.
-4
What is the value of -5 + -7 + 4 - -14?
6
Evaluate (16 - 2 - (2 + -2)) + -7